{"id":82,"date":"2017-01-02T00:57:23","date_gmt":"2017-01-02T00:57:23","guid":{"rendered":"http:\/\/mft-elaborazioni.de\/?page_id=82"},"modified":"2023-03-22T20:36:22","modified_gmt":"2023-03-22T20:36:22","slug":"trockeneis","status":"publish","type":"page","link":"https:\/\/mft-elaborazioni.de\/?page_id=82","title":{"rendered":"Trockeneis"},"content":{"rendered":"\n<p><span class=\"s1\">Im Gegensatz zum herk\u00f6mmlichen Sandstrahlen entsteht beim Trockeneis-Reinigungsprozess kein Sandstaub, da das Trockeneis an der Luft sofort in seinen Gasf\u00f6rmigen Zustand \u00fcbergeht. Das erm\u00f6glicht Reinigungsanwendungen selbst in sensiblen Bereichen wie der Motorentechnik. Trockeneispellets (-78,5\u00b0C kalt) werden mit einem Luftstrom auf Geschwindigkeiten nahe der Schallgeschwindigkeit beschleunigt. Durch schlagartige Abk\u00fchlung der Oberfl\u00e4che verspr\u00f6det diese. Dadurch entstehen in der Verschmutzung Risse, in die das kalte Trockeneisgas eindringen kann. Treffen nun die Pellets auf die Schmutzoberfl\u00e4che, vergasen sie dort schlagartig. Das hierbei entstehende Gasvolumen betr\u00e4gt ca. das 700-fache des Pelletvolumens. Die Schmutzteilchen werden explosionsartig von der zu reinigenden Fl\u00e4che weggerissen.<\/span><\/p>\n\n\n\n<figure class=\"is-layout-flex wp-block-gallery-1 wp-block-gallery has-nested-images columns-3 is-cropped\">\n<figure class=\"wp-block-image size-large\"><a href=\"https:\/\/mft-elaborazioni.de\/wp-content\/uploads\/2017\/01\/bild01-7.jpg\"><img decoding=\"async\" loading=\"lazy\" width=\"600\" height=\"400\" data-id=\"257\"  src=\"https:\/\/mft-elaborazioni.de\/wp-content\/uploads\/2017\/01\/bild01-7.jpg\" alt=\"\" class=\"wp-image-257\" srcset=\"https:\/\/mft-elaborazioni.de\/wp-content\/uploads\/2017\/01\/bild01-7.jpg 600w, https:\/\/mft-elaborazioni.de\/wp-content\/uploads\/2017\/01\/bild01-7-300x200.jpg 300w\" sizes=\"(max-width: 600px) 100vw, 600px\" \/><\/a><\/figure>\n\n\n\n<figure class=\"wp-block-image size-large\"><a href=\"https:\/\/mft-elaborazioni.de\/wp-content\/uploads\/2017\/01\/bild02-8.jpg\"><img decoding=\"async\" loading=\"lazy\" width=\"600\" height=\"400\" data-id=\"258\"  src=\"https:\/\/mft-elaborazioni.de\/wp-content\/uploads\/2017\/01\/bild02-8.jpg\" alt=\"\" class=\"wp-image-258\" srcset=\"https:\/\/mft-elaborazioni.de\/wp-content\/uploads\/2017\/01\/bild02-8.jpg 600w, https:\/\/mft-elaborazioni.de\/wp-content\/uploads\/2017\/01\/bild02-8-300x200.jpg 300w\" sizes=\"(max-width: 600px) 100vw, 600px\" \/><\/a><\/figure>\n\n\n\n<figure class=\"wp-block-image size-large\"><a href=\"https:\/\/mft-elaborazioni.de\/wp-content\/uploads\/2017\/01\/bild03-8.jpg\"><img decoding=\"async\" loading=\"lazy\" width=\"600\" height=\"400\" data-id=\"260\"  src=\"https:\/\/mft-elaborazioni.de\/wp-content\/uploads\/2017\/01\/bild03-8.jpg\" alt=\"\" class=\"wp-image-260\" srcset=\"https:\/\/mft-elaborazioni.de\/wp-content\/uploads\/2017\/01\/bild03-8.jpg 600w, https:\/\/mft-elaborazioni.de\/wp-content\/uploads\/2017\/01\/bild03-8-300x200.jpg 300w\" sizes=\"(max-width: 600px) 100vw, 600px\" \/><\/a><\/figure>\n\n\n\n<figure class=\"wp-block-image size-large\"><a href=\"https:\/\/mft-elaborazioni.de\/wp-content\/uploads\/2017\/01\/bild04-8.jpg\"><img decoding=\"async\" loading=\"lazy\" width=\"600\" height=\"400\" data-id=\"261\"  src=\"https:\/\/mft-elaborazioni.de\/wp-content\/uploads\/2017\/01\/bild04-8.jpg\" alt=\"\" class=\"wp-image-261\" srcset=\"https:\/\/mft-elaborazioni.de\/wp-content\/uploads\/2017\/01\/bild04-8.jpg 600w, https:\/\/mft-elaborazioni.de\/wp-content\/uploads\/2017\/01\/bild04-8-300x200.jpg 300w\" sizes=\"(max-width: 600px) 100vw, 600px\" \/><\/a><\/figure>\n\n\n\n<figure class=\"wp-block-image size-large\"><a href=\"https:\/\/mft-elaborazioni.de\/wp-content\/uploads\/2017\/01\/bild05-8.jpg\"><img decoding=\"async\" loading=\"lazy\" width=\"600\" height=\"400\" data-id=\"262\"  src=\"https:\/\/mft-elaborazioni.de\/wp-content\/uploads\/2017\/01\/bild05-8.jpg\" alt=\"\" class=\"wp-image-262\" srcset=\"https:\/\/mft-elaborazioni.de\/wp-content\/uploads\/2017\/01\/bild05-8.jpg 600w, https:\/\/mft-elaborazioni.de\/wp-content\/uploads\/2017\/01\/bild05-8-300x200.jpg 300w\" sizes=\"(max-width: 600px) 100vw, 600px\" \/><\/a><\/figure>\n\n\n\n<figure class=\"wp-block-image size-large\"><a href=\"https:\/\/mft-elaborazioni.de\/wp-content\/uploads\/2017\/01\/bild06-8.jpg\"><img decoding=\"async\" loading=\"lazy\" width=\"600\" height=\"450\" data-id=\"263\"  src=\"https:\/\/mft-elaborazioni.de\/wp-content\/uploads\/2017\/01\/bild06-8.jpg\" alt=\"\" class=\"wp-image-263\" srcset=\"https:\/\/mft-elaborazioni.de\/wp-content\/uploads\/2017\/01\/bild06-8.jpg 600w, https:\/\/mft-elaborazioni.de\/wp-content\/uploads\/2017\/01\/bild06-8-300x225.jpg 300w\" sizes=\"(max-width: 600px) 100vw, 600px\" \/><\/a><\/figure>\n\n\n\n<figure class=\"wp-block-image size-large\"><a href=\"https:\/\/mft-elaborazioni.de\/wp-content\/uploads\/2017\/01\/bild07-6.jpg\"><img decoding=\"async\" loading=\"lazy\" width=\"600\" height=\"450\" data-id=\"264\"  src=\"https:\/\/mft-elaborazioni.de\/wp-content\/uploads\/2017\/01\/bild07-6.jpg\" alt=\"\" class=\"wp-image-264\" srcset=\"https:\/\/mft-elaborazioni.de\/wp-content\/uploads\/2017\/01\/bild07-6.jpg 600w, https:\/\/mft-elaborazioni.de\/wp-content\/uploads\/2017\/01\/bild07-6-300x225.jpg 300w\" sizes=\"(max-width: 600px) 100vw, 600px\" \/><\/a><\/figure>\n\n\n\n<figure class=\"wp-block-image size-large\"><a href=\"https:\/\/mft-elaborazioni.de\/wp-content\/uploads\/2017\/01\/bild08-6.jpg\"><img decoding=\"async\" loading=\"lazy\" width=\"600\" height=\"450\" data-id=\"265\"  src=\"https:\/\/mft-elaborazioni.de\/wp-content\/uploads\/2017\/01\/bild08-6.jpg\" alt=\"\" class=\"wp-image-265\" srcset=\"https:\/\/mft-elaborazioni.de\/wp-content\/uploads\/2017\/01\/bild08-6.jpg 600w, https:\/\/mft-elaborazioni.de\/wp-content\/uploads\/2017\/01\/bild08-6-300x225.jpg 300w\" sizes=\"(max-width: 600px) 100vw, 600px\" \/><\/a><\/figure>\n\n\n\n<figure class=\"wp-block-image size-large\"><a href=\"https:\/\/mft-elaborazioni.de\/wp-content\/uploads\/2017\/01\/bild09-5.jpg\"><img decoding=\"async\" loading=\"lazy\" width=\"600\" height=\"400\" data-id=\"266\"  src=\"https:\/\/mft-elaborazioni.de\/wp-content\/uploads\/2017\/01\/bild09-5.jpg\" alt=\"\" class=\"wp-image-266\" srcset=\"https:\/\/mft-elaborazioni.de\/wp-content\/uploads\/2017\/01\/bild09-5.jpg 600w, https:\/\/mft-elaborazioni.de\/wp-content\/uploads\/2017\/01\/bild09-5-300x200.jpg 300w\" sizes=\"(max-width: 600px) 100vw, 600px\" \/><\/a><\/figure>\n\n\n\n<figure class=\"wp-block-image size-large\"><a href=\"https:\/\/mft-elaborazioni.de\/wp-content\/uploads\/2017\/01\/bild10-5.jpg\"><img decoding=\"async\" loading=\"lazy\" width=\"600\" height=\"400\" data-id=\"267\"  src=\"https:\/\/mft-elaborazioni.de\/wp-content\/uploads\/2017\/01\/bild10-5.jpg\" alt=\"\" class=\"wp-image-267\" srcset=\"https:\/\/mft-elaborazioni.de\/wp-content\/uploads\/2017\/01\/bild10-5.jpg 600w, https:\/\/mft-elaborazioni.de\/wp-content\/uploads\/2017\/01\/bild10-5-300x200.jpg 300w\" sizes=\"(max-width: 600px) 100vw, 600px\" \/><\/a><\/figure>\n\n\n\n<figure class=\"wp-block-image size-large\"><a href=\"https:\/\/mft-elaborazioni.de\/wp-content\/uploads\/2017\/01\/bild11-4.jpg\"><img decoding=\"async\" loading=\"lazy\" width=\"600\" height=\"400\" data-id=\"268\"  src=\"https:\/\/mft-elaborazioni.de\/wp-content\/uploads\/2017\/01\/bild11-4.jpg\" alt=\"\" class=\"wp-image-268\" srcset=\"https:\/\/mft-elaborazioni.de\/wp-content\/uploads\/2017\/01\/bild11-4.jpg 600w, https:\/\/mft-elaborazioni.de\/wp-content\/uploads\/2017\/01\/bild11-4-300x200.jpg 300w\" sizes=\"(max-width: 600px) 100vw, 600px\" \/><\/a><\/figure>\n<\/figure>\n","protected":false},"excerpt":{"rendered":"<p>Im Gegensatz zum herk\u00f6mmlichen Sandstrahlen entsteht beim Trockeneis-Reinigungsprozess kein Sandstaub, da das Trockeneis an der Luft sofort in seinen Gasf\u00f6rmigen Zustand \u00fcbergeht. Das erm\u00f6glicht Reinigungsanwendungen selbst in sensiblen Bereichen wie der Motorentechnik. Trockeneispellets (-78,5\u00b0C kalt) werden mit einem Luftstrom auf Geschwindigkeiten nahe der Schallgeschwindigkeit beschleunigt. Durch schlagartige Abk\u00fchlung der Oberfl\u00e4che verspr\u00f6det diese. Dadurch entstehen in [&hellip;]<\/p>\n","protected":false},"author":1,"featured_media":0,"parent":1215,"menu_order":10,"comment_status":"closed","ping_status":"closed","template":"","meta":[],"_links":{"self":[{"href":"https:\/\/mft-elaborazioni.de\/index.php?rest_route=\/wp\/v2\/pages\/82"}],"collection":[{"href":"https:\/\/mft-elaborazioni.de\/index.php?rest_route=\/wp\/v2\/pages"}],"about":[{"href":"https:\/\/mft-elaborazioni.de\/index.php?rest_route=\/wp\/v2\/types\/page"}],"author":[{"embeddable":true,"href":"https:\/\/mft-elaborazioni.de\/index.php?rest_route=\/wp\/v2\/users\/1"}],"replies":[{"embeddable":true,"href":"https:\/\/mft-elaborazioni.de\/index.php?rest_route=%2Fwp%2Fv2%2Fcomments&post=82"}],"version-history":[{"count":3,"href":"https:\/\/mft-elaborazioni.de\/index.php?rest_route=\/wp\/v2\/pages\/82\/revisions"}],"predecessor-version":[{"id":1346,"href":"https:\/\/mft-elaborazioni.de\/index.php?rest_route=\/wp\/v2\/pages\/82\/revisions\/1346"}],"up":[{"embeddable":true,"href":"https:\/\/mft-elaborazioni.de\/index.php?rest_route=\/wp\/v2\/pages\/1215"}],"wp:attachment":[{"href":"https:\/\/mft-elaborazioni.de\/index.php?rest_route=%2Fwp%2Fv2%2Fmedia&parent=82"}],"curies":[{"name":"wp","href":"https:\/\/api.w.org\/{rel}","templated":true}]}}