{"id":72,"date":"2017-01-02T00:55:23","date_gmt":"2017-01-02T00:55:23","guid":{"rendered":"http:\/\/mft-elaborazioni.de\/?page_id=72"},"modified":"2023-03-22T20:35:38","modified_gmt":"2023-03-22T20:35:38","slug":"lackierung","status":"publish","type":"page","link":"https:\/\/mft-elaborazioni.de\/?page_id=72","title":{"rendered":"Lackierung"},"content":{"rendered":"\n<p><span class=\"s1\">Unser Angebot reicht von \u201eSpot\u201c- bzw \u201eSmartrepair Verfahren\u201c, \u00fcber Fahrzeugaufbereitung mit Sandstrahlung und Pulverbeschichtung, bis hin zur Komplettlackierung. Auch ihre Alufelgen werden bei uns durch ein spezielles Verfahren vorbereitet und mit einem f\u00fcr Alufelgen geeigneten Lack beschichtet. Bei der \u201eSpot\u201c- und \u201eSmartrepair&#8220;-Lackierung k\u00f6nnen kleine bis mittlere Lacksch\u00e4den repariert werden. Ihrem Oldtimer k\u00f6nnen wir durch eine Fahrzeugaufbereitung oder mithilfe der Komplettlackierung zu neuem Glanz verhelfen. F\u00fcr all diese Arbeiten werden nur hochwertige Materialien und Originallacke verwendet.<\/span><\/p>\n\n\n\n<figure class=\"is-layout-flex wp-block-gallery-1 wp-block-gallery has-nested-images columns-3 is-cropped\">\n<figure class=\"wp-block-image size-large\"><a href=\"https:\/\/mft-elaborazioni.de\/wp-content\/uploads\/2017\/01\/bild08-3.jpg\"><img decoding=\"async\" loading=\"lazy\" width=\"600\" height=\"450\" data-id=\"203\"  src=\"https:\/\/mft-elaborazioni.de\/wp-content\/uploads\/2017\/01\/bild08-3.jpg\" alt=\"\" class=\"wp-image-203\" srcset=\"https:\/\/mft-elaborazioni.de\/wp-content\/uploads\/2017\/01\/bild08-3.jpg 600w, https:\/\/mft-elaborazioni.de\/wp-content\/uploads\/2017\/01\/bild08-3-300x225.jpg 300w\" sizes=\"(max-width: 600px) 100vw, 600px\" \/><\/a><\/figure>\n\n\n\n<figure class=\"wp-block-image size-large\"><a href=\"https:\/\/mft-elaborazioni.de\/wp-content\/uploads\/2017\/01\/bild07-2.jpg\"><img decoding=\"async\" loading=\"lazy\" width=\"600\" height=\"450\" data-id=\"202\"  src=\"https:\/\/mft-elaborazioni.de\/wp-content\/uploads\/2017\/01\/bild07-2.jpg\" alt=\"\" class=\"wp-image-202\" srcset=\"https:\/\/mft-elaborazioni.de\/wp-content\/uploads\/2017\/01\/bild07-2.jpg 600w, https:\/\/mft-elaborazioni.de\/wp-content\/uploads\/2017\/01\/bild07-2-300x225.jpg 300w\" sizes=\"(max-width: 600px) 100vw, 600px\" \/><\/a><\/figure>\n\n\n\n<figure class=\"wp-block-image size-large\"><a href=\"https:\/\/mft-elaborazioni.de\/wp-content\/uploads\/2017\/01\/bild06-3.jpg\"><img decoding=\"async\" loading=\"lazy\" width=\"600\" height=\"450\" data-id=\"201\"  src=\"https:\/\/mft-elaborazioni.de\/wp-content\/uploads\/2017\/01\/bild06-3.jpg\" alt=\"\" class=\"wp-image-201\" srcset=\"https:\/\/mft-elaborazioni.de\/wp-content\/uploads\/2017\/01\/bild06-3.jpg 600w, https:\/\/mft-elaborazioni.de\/wp-content\/uploads\/2017\/01\/bild06-3-300x225.jpg 300w\" sizes=\"(max-width: 600px) 100vw, 600px\" \/><\/a><\/figure>\n\n\n\n<figure class=\"wp-block-image size-large\"><a href=\"https:\/\/mft-elaborazioni.de\/wp-content\/uploads\/2017\/01\/bild05-3.jpg\"><img decoding=\"async\" loading=\"lazy\" width=\"600\" height=\"450\" data-id=\"200\"  src=\"https:\/\/mft-elaborazioni.de\/wp-content\/uploads\/2017\/01\/bild05-3.jpg\" alt=\"\" class=\"wp-image-200\" srcset=\"https:\/\/mft-elaborazioni.de\/wp-content\/uploads\/2017\/01\/bild05-3.jpg 600w, https:\/\/mft-elaborazioni.de\/wp-content\/uploads\/2017\/01\/bild05-3-300x225.jpg 300w\" sizes=\"(max-width: 600px) 100vw, 600px\" \/><\/a><\/figure>\n\n\n\n<figure class=\"wp-block-image size-large\"><a href=\"https:\/\/mft-elaborazioni.de\/wp-content\/uploads\/2017\/01\/bild04-3.jpg\"><img decoding=\"async\" loading=\"lazy\" width=\"600\" height=\"450\" data-id=\"199\"  src=\"https:\/\/mft-elaborazioni.de\/wp-content\/uploads\/2017\/01\/bild04-3.jpg\" alt=\"\" class=\"wp-image-199\" srcset=\"https:\/\/mft-elaborazioni.de\/wp-content\/uploads\/2017\/01\/bild04-3.jpg 600w, https:\/\/mft-elaborazioni.de\/wp-content\/uploads\/2017\/01\/bild04-3-300x225.jpg 300w\" sizes=\"(max-width: 600px) 100vw, 600px\" \/><\/a><\/figure>\n\n\n\n<figure class=\"wp-block-image size-large\"><a href=\"https:\/\/mft-elaborazioni.de\/wp-content\/uploads\/2017\/01\/bild01-2.jpg\"><img decoding=\"async\" loading=\"lazy\" width=\"600\" height=\"450\" data-id=\"196\"  src=\"https:\/\/mft-elaborazioni.de\/wp-content\/uploads\/2017\/01\/bild01-2.jpg\" alt=\"\" class=\"wp-image-196\" srcset=\"https:\/\/mft-elaborazioni.de\/wp-content\/uploads\/2017\/01\/bild01-2.jpg 600w, https:\/\/mft-elaborazioni.de\/wp-content\/uploads\/2017\/01\/bild01-2-300x225.jpg 300w\" sizes=\"(max-width: 600px) 100vw, 600px\" \/><\/a><\/figure>\n\n\n\n<figure class=\"wp-block-image size-large\"><a href=\"https:\/\/mft-elaborazioni.de\/wp-content\/uploads\/2017\/01\/bild02-3.jpg\"><img decoding=\"async\" loading=\"lazy\" width=\"600\" height=\"450\" data-id=\"197\"  src=\"https:\/\/mft-elaborazioni.de\/wp-content\/uploads\/2017\/01\/bild02-3.jpg\" alt=\"\" class=\"wp-image-197\" srcset=\"https:\/\/mft-elaborazioni.de\/wp-content\/uploads\/2017\/01\/bild02-3.jpg 600w, https:\/\/mft-elaborazioni.de\/wp-content\/uploads\/2017\/01\/bild02-3-300x225.jpg 300w\" sizes=\"(max-width: 600px) 100vw, 600px\" \/><\/a><\/figure>\n\n\n\n<figure class=\"wp-block-image size-large\"><a href=\"https:\/\/mft-elaborazioni.de\/wp-content\/uploads\/2017\/01\/bild03-3.jpg\"><img decoding=\"async\" loading=\"lazy\" width=\"600\" height=\"450\" data-id=\"198\"  src=\"https:\/\/mft-elaborazioni.de\/wp-content\/uploads\/2017\/01\/bild03-3.jpg\" alt=\"\" class=\"wp-image-198\" srcset=\"https:\/\/mft-elaborazioni.de\/wp-content\/uploads\/2017\/01\/bild03-3.jpg 600w, https:\/\/mft-elaborazioni.de\/wp-content\/uploads\/2017\/01\/bild03-3-300x225.jpg 300w\" sizes=\"(max-width: 600px) 100vw, 600px\" \/><\/a><\/figure>\n\n\n\n<figure class=\"wp-block-image size-large\"><a href=\"https:\/\/mft-elaborazioni.de\/wp-content\/uploads\/2017\/01\/CIMG0019.jpg\"><img decoding=\"async\" loading=\"lazy\" width=\"1024\" height=\"768\" data-id=\"736\"  src=\"https:\/\/mft-elaborazioni.de\/wp-content\/uploads\/2017\/01\/CIMG0019-1024x768.jpg\" alt=\"\" class=\"wp-image-736\" srcset=\"https:\/\/mft-elaborazioni.de\/wp-content\/uploads\/2017\/01\/CIMG0019-1024x768.jpg 1024w, https:\/\/mft-elaborazioni.de\/wp-content\/uploads\/2017\/01\/CIMG0019-300x225.jpg 300w, https:\/\/mft-elaborazioni.de\/wp-content\/uploads\/2017\/01\/CIMG0019-768x576.jpg 768w, https:\/\/mft-elaborazioni.de\/wp-content\/uploads\/2017\/01\/CIMG0019.jpg 1227w\" sizes=\"(max-width: 1024px) 100vw, 1024px\" \/><\/a><\/figure>\n\n\n\n<figure class=\"wp-block-image size-large\"><a href=\"https:\/\/mft-elaborazioni.de\/wp-content\/uploads\/2017\/01\/CIMG0021.jpg\"><img decoding=\"async\" loading=\"lazy\" width=\"1024\" height=\"768\" data-id=\"737\"  src=\"https:\/\/mft-elaborazioni.de\/wp-content\/uploads\/2017\/01\/CIMG0021-1024x768.jpg\" alt=\"\" class=\"wp-image-737\" srcset=\"https:\/\/mft-elaborazioni.de\/wp-content\/uploads\/2017\/01\/CIMG0021-1024x768.jpg 1024w, https:\/\/mft-elaborazioni.de\/wp-content\/uploads\/2017\/01\/CIMG0021-300x225.jpg 300w, https:\/\/mft-elaborazioni.de\/wp-content\/uploads\/2017\/01\/CIMG0021-768x576.jpg 768w, https:\/\/mft-elaborazioni.de\/wp-content\/uploads\/2017\/01\/CIMG0021.jpg 1227w\" sizes=\"(max-width: 1024px) 100vw, 1024px\" \/><\/a><\/figure>\n\n\n\n<figure class=\"wp-block-image size-large\"><a href=\"https:\/\/mft-elaborazioni.de\/wp-content\/uploads\/2017\/01\/CIMG0351.jpg\"><img decoding=\"async\" loading=\"lazy\" width=\"640\" height=\"480\" data-id=\"738\"  src=\"https:\/\/mft-elaborazioni.de\/wp-content\/uploads\/2017\/01\/CIMG0351.jpg\" alt=\"\" class=\"wp-image-738\" srcset=\"https:\/\/mft-elaborazioni.de\/wp-content\/uploads\/2017\/01\/CIMG0351.jpg 640w, https:\/\/mft-elaborazioni.de\/wp-content\/uploads\/2017\/01\/CIMG0351-300x225.jpg 300w\" sizes=\"(max-width: 640px) 100vw, 640px\" \/><\/a><\/figure>\n\n\n\n<figure class=\"wp-block-image size-large\"><a href=\"https:\/\/mft-elaborazioni.de\/wp-content\/uploads\/2017\/01\/CIMG0352.jpg\"><img decoding=\"async\" loading=\"lazy\" width=\"640\" height=\"480\" data-id=\"739\"  src=\"https:\/\/mft-elaborazioni.de\/wp-content\/uploads\/2017\/01\/CIMG0352.jpg\" alt=\"\" class=\"wp-image-739\" srcset=\"https:\/\/mft-elaborazioni.de\/wp-content\/uploads\/2017\/01\/CIMG0352.jpg 640w, https:\/\/mft-elaborazioni.de\/wp-content\/uploads\/2017\/01\/CIMG0352-300x225.jpg 300w\" sizes=\"(max-width: 640px) 100vw, 640px\" \/><\/a><\/figure>\n\n\n\n<figure class=\"wp-block-image size-large\"><a href=\"https:\/\/mft-elaborazioni.de\/wp-content\/uploads\/2017\/01\/CIMG0539.jpg\"><img decoding=\"async\" loading=\"lazy\" width=\"640\" height=\"480\" data-id=\"740\"  src=\"https:\/\/mft-elaborazioni.de\/wp-content\/uploads\/2017\/01\/CIMG0539.jpg\" alt=\"\" class=\"wp-image-740\" srcset=\"https:\/\/mft-elaborazioni.de\/wp-content\/uploads\/2017\/01\/CIMG0539.jpg 640w, https:\/\/mft-elaborazioni.de\/wp-content\/uploads\/2017\/01\/CIMG0539-300x225.jpg 300w\" sizes=\"(max-width: 640px) 100vw, 640px\" \/><\/a><\/figure>\n\n\n\n<figure class=\"wp-block-image size-large\"><a href=\"https:\/\/mft-elaborazioni.de\/wp-content\/uploads\/2017\/01\/CIMG0543.jpg\"><img decoding=\"async\" loading=\"lazy\" width=\"640\" height=\"480\" data-id=\"741\"  src=\"https:\/\/mft-elaborazioni.de\/wp-content\/uploads\/2017\/01\/CIMG0543.jpg\" alt=\"\" class=\"wp-image-741\" srcset=\"https:\/\/mft-elaborazioni.de\/wp-content\/uploads\/2017\/01\/CIMG0543.jpg 640w, https:\/\/mft-elaborazioni.de\/wp-content\/uploads\/2017\/01\/CIMG0543-300x225.jpg 300w\" sizes=\"(max-width: 640px) 100vw, 640px\" \/><\/a><\/figure>\n\n\n\n<figure class=\"wp-block-image size-large\"><a href=\"https:\/\/mft-elaborazioni.de\/wp-content\/uploads\/2017\/01\/CIMG0579.jpg\"><img decoding=\"async\" loading=\"lazy\" width=\"640\" height=\"480\" data-id=\"742\"  src=\"https:\/\/mft-elaborazioni.de\/wp-content\/uploads\/2017\/01\/CIMG0579.jpg\" alt=\"\" class=\"wp-image-742\" srcset=\"https:\/\/mft-elaborazioni.de\/wp-content\/uploads\/2017\/01\/CIMG0579.jpg 640w, https:\/\/mft-elaborazioni.de\/wp-content\/uploads\/2017\/01\/CIMG0579-300x225.jpg 300w\" sizes=\"(max-width: 640px) 100vw, 640px\" \/><\/a><\/figure>\n\n\n\n<figure class=\"wp-block-image size-large\"><a href=\"https:\/\/mft-elaborazioni.de\/wp-content\/uploads\/2017\/01\/CIMG0595.jpg\"><img decoding=\"async\" loading=\"lazy\" width=\"640\" height=\"480\" data-id=\"743\"  src=\"https:\/\/mft-elaborazioni.de\/wp-content\/uploads\/2017\/01\/CIMG0595.jpg\" alt=\"\" class=\"wp-image-743\" srcset=\"https:\/\/mft-elaborazioni.de\/wp-content\/uploads\/2017\/01\/CIMG0595.jpg 640w, https:\/\/mft-elaborazioni.de\/wp-content\/uploads\/2017\/01\/CIMG0595-300x225.jpg 300w\" sizes=\"(max-width: 640px) 100vw, 640px\" \/><\/a><\/figure>\n\n\n\n<figure class=\"wp-block-image size-large\"><a href=\"https:\/\/mft-elaborazioni.de\/wp-content\/uploads\/2017\/01\/CIMG8850.jpg\"><img decoding=\"async\" loading=\"lazy\" width=\"1024\" height=\"768\" data-id=\"744\"  src=\"https:\/\/mft-elaborazioni.de\/wp-content\/uploads\/2017\/01\/CIMG8850-1024x768.jpg\" alt=\"\" class=\"wp-image-744\" srcset=\"https:\/\/mft-elaborazioni.de\/wp-content\/uploads\/2017\/01\/CIMG8850-1024x768.jpg 1024w, https:\/\/mft-elaborazioni.de\/wp-content\/uploads\/2017\/01\/CIMG8850-300x225.jpg 300w, https:\/\/mft-elaborazioni.de\/wp-content\/uploads\/2017\/01\/CIMG8850-768x576.jpg 768w, https:\/\/mft-elaborazioni.de\/wp-content\/uploads\/2017\/01\/CIMG8850.jpg 1227w\" sizes=\"(max-width: 1024px) 100vw, 1024px\" \/><\/a><\/figure>\n\n\n\n<figure class=\"wp-block-image size-large\"><a href=\"https:\/\/mft-elaborazioni.de\/wp-content\/uploads\/2017\/01\/IMG_0741.jpg\"><img decoding=\"async\" loading=\"lazy\" width=\"1024\" height=\"768\" data-id=\"745\"  src=\"https:\/\/mft-elaborazioni.de\/wp-content\/uploads\/2017\/01\/IMG_0741-1024x768.jpg\" alt=\"\" class=\"wp-image-745\" srcset=\"https:\/\/mft-elaborazioni.de\/wp-content\/uploads\/2017\/01\/IMG_0741-1024x768.jpg 1024w, https:\/\/mft-elaborazioni.de\/wp-content\/uploads\/2017\/01\/IMG_0741-300x225.jpg 300w, https:\/\/mft-elaborazioni.de\/wp-content\/uploads\/2017\/01\/IMG_0741-768x576.jpg 768w, https:\/\/mft-elaborazioni.de\/wp-content\/uploads\/2017\/01\/IMG_0741.jpg 1227w\" sizes=\"(max-width: 1024px) 100vw, 1024px\" \/><\/a><\/figure>\n\n\n\n<figure class=\"wp-block-image size-large\"><a href=\"https:\/\/mft-elaborazioni.de\/wp-content\/uploads\/2017\/01\/IMG_0742.jpg\"><img decoding=\"async\" loading=\"lazy\" width=\"1024\" height=\"768\" data-id=\"746\"  src=\"https:\/\/mft-elaborazioni.de\/wp-content\/uploads\/2017\/01\/IMG_0742-1024x768.jpg\" alt=\"\" class=\"wp-image-746\" srcset=\"https:\/\/mft-elaborazioni.de\/wp-content\/uploads\/2017\/01\/IMG_0742-1024x768.jpg 1024w, https:\/\/mft-elaborazioni.de\/wp-content\/uploads\/2017\/01\/IMG_0742-300x225.jpg 300w, https:\/\/mft-elaborazioni.de\/wp-content\/uploads\/2017\/01\/IMG_0742-768x576.jpg 768w, https:\/\/mft-elaborazioni.de\/wp-content\/uploads\/2017\/01\/IMG_0742.jpg 1227w\" sizes=\"(max-width: 1024px) 100vw, 1024px\" \/><\/a><\/figure>\n\n\n\n<figure class=\"wp-block-image size-large\"><a href=\"https:\/\/mft-elaborazioni.de\/wp-content\/uploads\/2017\/01\/IMG_2847.jpg\"><img decoding=\"async\" loading=\"lazy\" width=\"1024\" height=\"576\" data-id=\"747\"  src=\"https:\/\/mft-elaborazioni.de\/wp-content\/uploads\/2017\/01\/IMG_2847-1024x576.jpg\" alt=\"\" class=\"wp-image-747\" srcset=\"https:\/\/mft-elaborazioni.de\/wp-content\/uploads\/2017\/01\/IMG_2847-1024x576.jpg 1024w, https:\/\/mft-elaborazioni.de\/wp-content\/uploads\/2017\/01\/IMG_2847-300x169.jpg 300w, https:\/\/mft-elaborazioni.de\/wp-content\/uploads\/2017\/01\/IMG_2847-768x432.jpg 768w, https:\/\/mft-elaborazioni.de\/wp-content\/uploads\/2017\/01\/IMG_2847-1536x864.jpg 1536w, https:\/\/mft-elaborazioni.de\/wp-content\/uploads\/2017\/01\/IMG_2847.jpg 1600w\" sizes=\"(max-width: 1024px) 100vw, 1024px\" \/><\/a><\/figure>\n\n\n\n<figure class=\"wp-block-image size-large\"><a href=\"https:\/\/mft-elaborazioni.de\/wp-content\/uploads\/2017\/01\/IMG_8241.jpg\"><img decoding=\"async\" loading=\"lazy\" width=\"1024\" height=\"682\" data-id=\"748\"  src=\"https:\/\/mft-elaborazioni.de\/wp-content\/uploads\/2017\/01\/IMG_8241-1024x682.jpg\" alt=\"\" class=\"wp-image-748\" srcset=\"https:\/\/mft-elaborazioni.de\/wp-content\/uploads\/2017\/01\/IMG_8241-1024x682.jpg 1024w, https:\/\/mft-elaborazioni.de\/wp-content\/uploads\/2017\/01\/IMG_8241-300x200.jpg 300w, https:\/\/mft-elaborazioni.de\/wp-content\/uploads\/2017\/01\/IMG_8241-768x512.jpg 768w, https:\/\/mft-elaborazioni.de\/wp-content\/uploads\/2017\/01\/IMG_8241.jpg 1280w\" sizes=\"(max-width: 1024px) 100vw, 1024px\" \/><\/a><\/figure>\n<\/figure>\n","protected":false},"excerpt":{"rendered":"<p>Unser Angebot reicht von \u201eSpot\u201c- bzw \u201eSmartrepair Verfahren\u201c, \u00fcber Fahrzeugaufbereitung mit Sandstrahlung und Pulverbeschichtung, bis hin zur Komplettlackierung. Auch ihre Alufelgen werden bei uns durch ein spezielles Verfahren vorbereitet und mit einem f\u00fcr Alufelgen geeigneten Lack beschichtet. Bei der \u201eSpot\u201c- und \u201eSmartrepair&#8220;-Lackierung k\u00f6nnen kleine bis mittlere Lacksch\u00e4den repariert werden. Ihrem Oldtimer k\u00f6nnen wir durch eine [&hellip;]<\/p>\n","protected":false},"author":1,"featured_media":0,"parent":1215,"menu_order":5,"comment_status":"closed","ping_status":"closed","template":"","meta":[],"_links":{"self":[{"href":"https:\/\/mft-elaborazioni.de\/index.php?rest_route=\/wp\/v2\/pages\/72"}],"collection":[{"href":"https:\/\/mft-elaborazioni.de\/index.php?rest_route=\/wp\/v2\/pages"}],"about":[{"href":"https:\/\/mft-elaborazioni.de\/index.php?rest_route=\/wp\/v2\/types\/page"}],"author":[{"embeddable":true,"href":"https:\/\/mft-elaborazioni.de\/index.php?rest_route=\/wp\/v2\/users\/1"}],"replies":[{"embeddable":true,"href":"https:\/\/mft-elaborazioni.de\/index.php?rest_route=%2Fwp%2Fv2%2Fcomments&post=72"}],"version-history":[{"count":3,"href":"https:\/\/mft-elaborazioni.de\/index.php?rest_route=\/wp\/v2\/pages\/72\/revisions"}],"predecessor-version":[{"id":1341,"href":"https:\/\/mft-elaborazioni.de\/index.php?rest_route=\/wp\/v2\/pages\/72\/revisions\/1341"}],"up":[{"embeddable":true,"href":"https:\/\/mft-elaborazioni.de\/index.php?rest_route=\/wp\/v2\/pages\/1215"}],"wp:attachment":[{"href":"https:\/\/mft-elaborazioni.de\/index.php?rest_route=%2Fwp%2Fv2%2Fmedia&parent=72"}],"curies":[{"name":"wp","href":"https:\/\/api.w.org\/{rel}","templated":true}]}}